f 4641 and 2184?
273
Calculate the greatest common factor of 4642 and 44.
22
Calculate the highest common divisor of 1496 and 2068.
44
Calculate the highest common divisor of 56 and 21.
7
What is the greatest common factor of 374 and 306?
34
What is the highest common divisor of 680 and 102?
34
Calculate the greatest common factor of 40 and 280.
40
What is the greatest common divisor of 110 and 40?
10
What is the greatest common factor of 45 and 207?
9
What is the highest common factor of 9975 and 63?
21
Calculate the highest common factor of 2700 and 195.
15
Calculate the highest common factor of 364 and 140.
28
What is the highest common factor of 12 and 30?
6
Calculate the highest common factor of 24 and 1440.
24
Calculate the highest common divisor of 140 and 110.
10
What is the highest common divisor of 98 and 2009?
49
What is the highest common factor of 2 and 1499?
1
Calculate the greatest common factor of 19695 and 585.
195
Calculate the greatest common factor of 100 and 75.
25
Calculate the greatest common divisor of 60 and 96.
12
What is the highest common divisor of 1280 and 100?
20
What is the highest common divisor of 44 and 1408?
44
What is the highest common divisor of 1708 and 14?
14
Calculate the highest common factor of 48 and 726.
6
Calculate the highest common divisor of 16 and 6904.
8
What is the highest common factor of 15 and 3?
3
What is the greatest common divisor of 4428 and 1804?
164
Calculate the greatest common factor of 270 and 24435.
135
Calculate the greatest common factor of 3015 and 540.
45
Calculate the greatest common factor of 4240 and 10.
10
Calculate the highest common divisor of 6665 and 279.
31
What is the highest common factor of 24 and 51?
3
Calculate the highest common factor of 11 and 517.
11
What is the highest common divisor of 3783 and 273?
39
Calculate the highest common factor of 57 and 3.
3
What is the highest common divisor of 175 and 840?
35
Calculate the highest common factor of 3290 and 42.
14
What is the highest common factor of 100 and 80?
20
What is the highest common factor of 8 and 272?
8
Calculate the greatest common factor of 542 and 4.
2
Calculate the highest common divisor of 62 and 1984.
62
What is the greatest common factor of 19 and 361?
19
Calculate the highest common divisor of 35 and 805.
35
What is the greatest common divisor of 92 and 40572?
92
What is the greatest common factor of 39 and 286?
13
What is the greatest common divisor of 4945 and 230?
115
What is the greatest common factor of 22 and 1595?
11
Calculate the greatest common divisor of 310 and 10.
10
Calculate the greatest common factor of 4319 and 14.
7
What is the highest common factor of 6 and 138?
6
What is the highest common factor of 9 and 5013?
9
What is the highest common divisor of 348 and 24?
12
What is the highest common divisor of 217 and 4092?
31
Calculate the greatest common divisor of 14846 and 91.
13
Calculate the greatest common factor of 20 and 11420.
20
Calculate the highest common factor of 6 and 50.
2
What is the greatest common factor of 81 and 324?
81
What is the greatest common factor of 16 and 409?
1
What is the greatest common divisor of 176 and 11?
11
What is the greatest common divisor of 40 and 50?
10
Calculate the highest common factor of 5728 and 32.
32
What is the greatest common factor of 32847 and 3?
3
Calculate the highest common factor of 35350 and 42.
14
Calculate the highest common factor of 3420 and 48.
12
Calculate the greatest common factor of 50 and 25.
25
What is the greatest common factor of 41 and 1107?
41
Calculate the greatest common factor of 133 and 21014.
133
Calculate the highest common factor of 60 and 940.
20
Calculate the highest common factor of 10 and 291.
1
Calculate the greatest common factor of 154 and 6314.
154
Calculate the greatest common factor of 220 and 580.
20
Calculate the greatest common divisor of 1529 and 11.
11
What is the highest common factor of 960 and 30?
30
What is the greatest common divisor of 57 and 9899?
19
Calculate the greatest common divisor of 1407 and 56.
7
What is the highest common factor of 171 and 1881?
171
Calculate the greatest common factor of 120 and 930.
30
Calculate the highest common divisor of 153 and 85.
17
What is the highest common divisor of 300 and 420?
60
What is the greatest common divisor of 51 and 78?
3
Calculate the highest common divisor of 1 and 23.
1
Calculate the highest common divisor of 64 and 2688.
64
Calculate the highest common factor of 124 and 1457.
31
What is the highest common divisor of 301 and 43?
43
Calculate the greatest common divisor of 118 and 64369.
59
Calculate the greatest common factor of 1131 and 696.
87
What is the highest common divisor of 1399 and 1?
1
Calculate the highest common divisor of 304 and 112.
16
Calculate the highest common divisor of 14820 and 416.
52
Calculate the highest common divisor of 20 and 670.
10
Calculate the greatest common divisor of 658 and 14.
14
Calculate the greatest common divisor of 564 and 1833.
141
Calculate the greatest common factor of 72 and 9.
9
What is the highest common divisor of 30 and 24?
6
Calculate the highest common factor of 4738 and 618.
206
Calculate the highest common factor of 1 and 38.
1
What is the greatest common factor of 238 and 68?
34
What is the greatest common factor of 13 and 351?
13
Calculate the highest common divisor of 250 and 100.
50
What is the highest common factor of 24 and 1088?
8
Calculate the greatest common divisor of 1536 and 408.
24
What is the greatest common divisor of 150 and 1950?
150
Calculate the greatest common divisor of 341 and 31.
31
What is the highest common divisor of 1519 and 2821?
217
Calculate the greatest common factor of 16 and 136.
8
Calculate the greatest common divisor of 1020 and 240.
60
What is the greatest common divisor of 55 and 11407?
11
Calculate the highest common divisor of 702 and 26.
26
Calculate the greatest common factor of 58 and 10.
2
Calculate the greatest common divisor of 621 and 161.
23
Calculate the highest common factor of 484 and 110.
22
Calculate the greatest common factor of 19 and 247.
19
Calculate the greatest common divisor of 14 and 266.
14
What is the greatest common divisor of 225 and 2325?
75
What is the greatest common divisor of 315 and 63?
63
Calculate the highest common factor of 1107 and 82.
41
What is the greatest common divisor of 5 and 20?
5
What is the highest common divisor of 85 and 765?
85
Calculate the highest common divisor of 1015 and 35.
35
Calculate the greatest common divisor of 20 and 565.
5
Calculate the greatest common factor of 20 and 810.
10
Calculate the highest common factor of 77 and 28.
7
What is the greatest common divisor of 188 and 141?
47
Calculate the highest common factor of 81 and 18.
9
What is the greatest common factor of 99 and 2169?
9
What is the highest common factor of 14 and 9058?
14
What is the greatest common divisor of 154 and 33?
11
Calculate the highest common factor of 88 and 297.
11
Calculate the highest common divisor of 4342 and 26.
26
What is the greatest common factor of 544 and 374?
34
What is the greatest common divisor of 9 and 747?
9
Calculate the highest common factor of 59 and 3953.
59
What is the greatest common factor of 3384 and 144?
72
What is the greatest common divisor of 270 and 30?
30
What is the greatest common factor of 6972 and 84?
84
What is the greatest common divisor of 217 and 93?
31
Calculate the highest common factor of 7 and 15911.
7
Calculate the greatest common factor of 488 and 40.
8
Calculate the highest common factor of 8 and 11108.
4
What is the highest common factor of 6 and 160?
2
What is the highest common factor of 13 and 611?
13
What is the highest common factor of 27 and 351?
27
What is the highest common factor of 168 and 616?
56
What is the greatest common factor of 1848 and 99?
33
Calculate the highest common divisor of 869 and 99.
11
What is the greatest common divisor of 14 and 11578?
14
Calculate the highest common factor of 272 and 56.
8
Calculate the highest common factor of 595 and 425.
85
What is the highest common divisor of 8 and 503?
1
What is the highest common divisor of 2171 and 167?
167
Calculate the highest common divisor of 17 and 51.
17
What is th